culate the remainder when v is divided by 28.
20
Let d(x) = 27*x**2 - 25*x + 98. Calculate the remainder when d(4) is divided by 36.
34
Let z(y) = -13*y - 2. Let x(n) = 2*n + 1. Let d be x(-1). Calculate the remainder when 21 is divided by z(d).
10
Let h be -27*(-3 + (-8)/(-4)). Let y be (1 - h)*(-1)/(-2). Let s = y - -26. What is the remainder when 25 is divided by s?
12
Let y(j) = -j**3 - 10*j**2 - 16*j - 5. Let o = 17 + 22. What is the remainder when y(-10) is divided by o?
38
Let n be 166/8 + 5/(-20)*-1. Suppose 5*y - n - 104 = 0. What is the remainder when 70 is divided by y?
20
Suppose -5*i = -q - 95, -3*i - 2*q - 38 = -5*i. Let a(v) = -v**2 + 16*v - 9. What is the remainder when a(7) is divided by i?
16
Let h(f) = -17*f + 6. Let v be h(5). Let z = 136 + v. Let t(p) = -7*p - 6. Calculate the remainder when z is divided by t(-5).
28
Suppose 42 - 188 = -2*v. Calculate the remainder when v is divided by 37.
36
Suppose -4*d = -3*f - 8, 0*f - 23 = 5*f + 3*d. Let h(x) = -x**3 + 6*x**2 + 6*x + 5. Let b be h(7). Calculate the remainder when f/b - 4 - -79 is divided by 20.
17
Let b(i) = -7*i + 2. Let n(q) = q. Let v(c) = -b(c) - 6*n(c). What is the remainder when (-64)/80*15/(-2) is divided by v(4)?
0
Suppose -584*p + 596*p - 14004 = 0. Calculate the remainder when p is divided by 39.
36
Let h(m) = -9*m + 96. What is the remainder when 55 is divided by h(9)?
10
Let o(q) be the second derivative of -2*q**3 - q**2 + q. Let m be o(-2). Suppose -3*s + m + 14 = 0. Calculate the remainder when 35 is divided by s.
11
Suppose 3*o - 8 = 2*o. Let l(g) = g - 6. Let q be l(o). What is the remainder when 68 is divided by 46/q*(1 + 0)?
22
Suppose -114*u = -109*u - 120. Calculate the remainder when u is divided by 10.
4
Let p be 38 + 2 + 0/3. Let x(b) = -b**3 - 8*b**2 - 9*b - 10. Let h be x(-7). Suppose p = -0*m + h*m. What is the remainder when 37 is divided by m?
7
Suppose 4*y + 3 + 1 = 0. Suppose -3*m + 19 = 132*w - 130*w, -m = -w + 2. What is the remainder when w is divided by (-1 + 0)*-2 - y?
2
Let o(g) = g**3 - 5*g**2 - 11*g + 8. Let u be 1/(4/14)*2. Let f = 10 - -1. Calculate the remainder when o(u) is divided by f.
7
Let y(p) = -12*p + 117. Calculate the remainder when y(8) is divided by 9.
3
Let n(o) = o**3 + 7*o**2 + 6*o + 4. Let i be n(-6). Suppose 0 = -i*r + 5*r - 13. Suppose 10*g + 192 = 18*g. Calculate the remainder when g is divided by r.
11
Suppose 0 = -4*m - 2*f - 70, -74 = 4*m + f - 3*f. Let d = m + 20. Calculate the remainder when 6 is divided by d.
0
Let p be 4/14 + (-190)/(-70) - -85. Let y = 163 - p. Calculate the remainder when y is divided by 41.
34
Let i = -1237 + 1294. Calculate the remainder when 222 is divided by i.
51
What is the remainder when 89 is divided by 31 - (-2 - 40)/7?
15
Suppose 64 = 3*p - 44. Let l = -16 + p. What is the remainder when l is divided by 3?
2
Suppose 3*f + 12 = 24. Suppose 0*h = f*h + 124. Let q = h + 32. Calculate the remainder when 1 is divided by q.
0
Suppose -48 = -6*s + 624. Calculate the remainder when s is divided by 58.
54
Let b = 1837 + -1643. What is the remainder when b is divided by 13?
12
Suppose -33*y = 3*y - 396. What is the remainder when 97 is divided by y?
9
Let i(r) = r**3 - 2*r**2 + 4*r + 2. What is the remainder when i(5) is divided by ((-375)/(-6) + 15/(-10) - 7) + -5?
48
Let y = 31 - -34. Let p(g) = -g**2 - 8*g + 11. Let h be p(-9). Suppose -2*n + 88 = h*n. What is the remainder when y is divided by n?
21
Let o(y) = -y**3 + 3*y**2 + y - 2. Calculate the remainder when (-399)/(-33) - 1692/1551 is divided by o(2).
3
Let c = -405 + 556. What is the remainder when c is divided by 52?
47
Suppose l - 3*u - 352 = -l, -3*u + 498 = 3*l. Let q = 28 - l. What is the remainder when q/(-4) + 7/(-14) is divided by 19?
16
What is the remainder when 2/5 + 458/5 is divided by (-52)/(-2) - (3 + (-7 - -6))?
20
Let o(w) be the first derivative of 4*w**3/3 - w**2 + 9*w + 19. What is the remainder when o(5) is divided by 133/4 - (-12)/16?
31
Let c(o) = o**3 + 9*o**2 + 6*o + 2. Suppose p - 13 = -4*l, 5*p + 7 + 28 = 5*l. Suppose 69 = -3*z + l*z. What is the remainder when z is divided by c(-8)?
15
What is the remainder when 281 is divided by 74 + 18/12*-2?
68
Let p = -344 - -483. Let a = 1084 + -1064. Calculate the remainder when p is divided by a.
19
Let b(q) = -q + 8. Let z be b(5). Suppose 4*a - 3 = 4*i + 1, 3*i - z = -3*a. Suppose d - a = 2. What is the remainder when d is divided by 1?
0
Let h(c) be the second derivative of c**3/6 + 4*c**2 - 14*c. Calculate the remainder when 55 is divided by h(5).
3
Let g = 1492 + -463. What is the remainder when g is divided by 43?
40
Let f(p) = 15*p + 2. Let d = -992 - -1008. Calculate the remainder when f(6) is divided by d.
12
Let w(l) = -l**2 + 2*l - 1. Let i be w(4). Calculate the remainder when 97 is divided by ((-3)/i + -2)*-15.
22
Suppose i - 184 = -q, -9*q + 534 = -6*q - 3*i. Calculate the remainder when q is divided by 61.
59
Let u be ((-1)/(-3))/((-2)/(-6)). Let a be (1/(-1)*-5)/u. Let h = a + 5. Calculate the remainder when 29 is divided by h.
9
Let b(k) = -k**2 + 8*k + 14. Let q be b(10). Let r be 0 - (1 + 3 + -6). Calculate the remainder when 23 is divided by q + 17 - r/(-2).
11
Suppose 3*f - 229 = -4*s, 2*f - 18 = -3*s + 136. What is the remainder when 496 is divided by f?
70
Suppose 0 = c + 1, k = -c - 57 + 220. Calculate the remainder when k is divided by 57.
50
Let v(a) = -a**3 + 9*a**2 + 11*a - 78. What is the remainder when 219 is divided by v(9)?
9
Let j(u) = -u**2 - 43*u + 48. What is the remainder when j(-37) is divided by 63?
18
Calculate the remainder when (-8)/18 + (-9632)/(-288) is divided by 3.
0
Suppose d + 30 = 4*d. Calculate the remainder when (-3)/((-165)/78 + 2) is divided by d.
6
Suppose 6 = -4*o + 2, -o + 12 = u. Let f = 23 - u. Let q(p) = p**2 - 7*p - 1. What is the remainder when q(f) is divided by 15?
14
Let n be 40/(-32) - 2/(-8). Let u(m) be the second derivative of 23*m**4/12 - m**2/2 - 2*m. What is the remainder when 65 is divided by u(n)?
21
Let j = -132 + 185. What is the remainder when 155 is divided by j?
49
Suppose -88*g - 5*x = -87*g - 74, -4*g + 2*x = -296. Suppose -3*j + 45 = -0*j. What is the remainder when g is divided by j?
14
Suppose -29*g + 783 = -0*g. Calculate the remainder when 455 is divided by g.
23
Let m = -15 - -23. Let h(f) = -f**2 + 10*f + 5. Calculate the remainder when (26 - -1)/(2/6) is divided by h(m).
18
Let j = 115 - 71. Suppose -5*g + g = -j. Suppose -31 = -3*l + g. Calculate the remainder when 41 is divided by l.
13
Let f = 46 - 44. Suppose 0 = -4*v - 3*c + 54, 3*v + 3*c - 66 = -f*v. Suppose -4*r - 33 = -165. Calculate the remainder when r is divided by v.
9
Let z = 6 - -17. Suppose 29 = 3*p - j, -2*j - 21 - 19 = -4*p. What is the remainder when z is divided by p?
5
Suppose -3*a - 19 + 37 = 0. Calculate the remainder when 40 is divided by (a + 1)*(5 - 4).
5
Let k = -2 - -20. Let o = 77 - k. Calculate the remainder when o is divided by 10.
9
Let g = 442 + -374. What is the remainder when g is divided by 24?
20
Suppose 3*j = y - 99, -5*y + 8*j - 11*j + 405 = 0. Calculate the remainder when y is divided by 29.
26
Let b(v) = v**3 + 5*v**2 + 3*v + 27. Calculate the remainder when 239 is divided by b(-5).
11
Suppose 16*g - 13*g = -4*v + 1420, -2*v - 5*g + 724 = 0. What is the remainder when v is divided by 10?
2
Let f(j) = -37*j - 140. What is the remainder when f(-10) is divided by 58?
56
Suppose -3*x + r + 32 = -277, 4*x + r = 405. Let l = 40 + -19. Calculate the remainder when x is divided by l.
18
Suppose -3*j - 4 = j, 231 = 4*a - 3*j. Let r = a + -34. Calculate the remainder when r is divided by 8.
7
Let l be 10 - (16/(-4) - -7). Let s(b) be the second derivative of -b**4/12 + 4*b**3/3 - 2*b**2 + b. What is the remainder when 5 is divided by s(l)?
2
Suppose -2*i = -2*t - 152, 127 = 5*i + 3*t - 261. What is the remainder when i is divided by 12?
5
Let l be (2 + (-44)/12)*-15. Let b = -4 + l. What is the remainder when 40 is divided by b?
19
Suppose 2*b = -4*z + 15 + 13, 0 = b - 4*z - 44. What is the remainder when 142 is divided by b?
22
Let g(h) = h**3 - 7*h**2 - 2. Let w be g(7). Let u be 6/(-2) - w/1. Let o = 10 - u. Calculate the remainder when 43 is divided by o.
10
Calculate the remainder